33?
0
What is the thousands digit of 1869688?
9
What is the thousands digit of 1629509?
9
What is the tens digit of 386582?
8
What is the tens digit of 95418?
1
What is the units digit of 447334?
4
What is the ten thousands digit of 2965726?
6
What is the tens digit of 283891?
9
What is the tens digit of 6543833?
3
What is the hundreds digit of 228861?
8
What is the tens digit of 1366582?
8
What is the ten thousands digit of 2492520?
9
What is the millions digit of 1418280?
1
What is the units digit of 69545?
5
What is the tens digit of 83032?
3
What is the hundred thousands digit of 3173251?
1
What is the tens digit of 266047?
4
What is the hundred thousands digit of 333558?
3
What is the hundreds digit of 836321?
3
What is the ten thousands digit of 755211?
5
What is the tens digit of 3290724?
2
What is the units digit of 3405024?
4
What is the units digit of 181196?
6
What is the ten thousands digit of 16359709?
5
What is the thousands digit of 1444?
1
What is the hundred thousands digit of 12818423?
8
What is the hundreds digit of 391108?
1
What is the hundreds digit of 18564938?
9
What is the hundred thousands digit of 3521580?
5
What is the ten thousands digit of 789468?
8
What is the hundreds digit of 272800?
8
What is the thousands digit of 22338622?
8
What is the hundreds digit of 863594?
5
What is the units digit of 6852464?
4
What is the hundreds digit of 962839?
8
What is the thousands digit of 2033524?
3
What is the tens digit of 1763896?
9
What is the hundred thousands digit of 3342424?
3
What is the hundred thousands digit of 1821237?
8
What is the millions digit of 7595344?
7
What is the hundred thousands digit of 3459746?
4
What is the tens digit of 42171653?
5
What is the ten thousands digit of 414023?
1
What is the hundreds digit of 597326?
3
What is the millions digit of 15804476?
5
What is the hundreds digit of 1276722?
7
What is the units digit of 3005367?
7
What is the hundred thousands digit of 23515003?
5
What is the hundreds digit of 257236?
2
What is the tens digit of 4325333?
3
What is the tens digit of 154908?
0
What is the hundred thousands digit of 9655489?
6
What is the ten thousands digit of 10421?
1
What is the units digit of 408503?
3
What is the tens digit of 686857?
5
What is the hundreds digit of 367573?
5
What is the hundred thousands digit of 1830988?
8
What is the millions digit of 6394357?
6
What is the millions digit of 3455424?
3
What is the ten thousands digit of 34344646?
4
What is the thousands digit of 841277?
1
What is the ten thousands digit of 3332967?
3
What is the ten thousands digit of 23377261?
7
What is the ten thousands digit of 1283796?
8
What is the hundred thousands digit of 392156?
3
What is the millions digit of 14923540?
4
What is the hundred thousands digit of 2641380?
6
What is the hundreds digit of 155761?
7
What is the hundred thousands digit of 584698?
5
What is the ten thousands digit of 9932047?
3
What is the tens digit of 9993168?
6
What is the tens digit of 225697?
9
What is the hundred thousands digit of 3726936?
7
What is the hundred thousands digit of 4946223?
9
What is the ten thousands digit of 1314324?
1
What is the units digit of 296851?
1
What is the ten thousands digit of 1792111?
9
What is the tens digit of 284650?
5
What is the hundred thousands digit of 1408398?
4
What is the thousands digit of 251746?
1
What is the ten thousands digit of 4631223?
3
What is the units digit of 805956?
6
What is the ten thousands digit of 919967?
1
What is the tens digit of 7985341?
4
What is the hundreds digit of 7036215?
2
What is the ten thousands digit of 8169577?
6
What is the units digit of 247650?
0
What is the hundred thousands digit of 7083913?
0
What is the ten thousands digit of 359329?
5
What is the hundreds digit of 1241072?
0
What is the units digit of 59615?
5
What is the hundred thousands digit of 175928?
1
What is the ten thousands digit of 3476706?
7
What is the tens digit of 541514?
1
What is the hundred thousands digit of 267388?
2
What is the hundred thousands digit of 100832?
1
What is the ten thousands digit of 487732?
8
What is the hundred thousands digit of 3062350?
0
What is the tens digit of 72955?
5
What is the units digit of 432161?
1
What is the ten thousands digit of 138337?
3
What is the thousands digit of 295819?
5
What is the hundreds digit of 528227?
2
What is the hundreds digit of 5243107?
1
What is the units digit of 501405?
5
What is the thousands digit of 1065935?
5
What is the ten thousands digit of 235851?
3
What is the thousands digit of 4211112?
1
What is the hundreds digit of 5365715?
7
What is the hundreds digit of 3781830?
8
What is the hundred thousands digit of 4246123?
2
What is the hundred thousands digit of 2817321?
8
What is the hundred thousands digit of 1747257?
7
What is the thousands digit of 222862?
2
What is the hundreds digit of 4076938?
9
What is the hundreds digit of 2348531?
5
What is the units digit of 256857?
7
What is the ten thousands digit of 137601?
3
What is the tens digit of 87886?
8
What is the units digit of 511478?
8
What is the units digit of 276862?
2
What is the hundred thousands digit of 143216?
1
What is the ten thousands digit of 930723?
3
What is the thousands digit of 762157?
2
What is the hundred thousands digit of 4753381?
7
What is the hundred thousands digit of 6196590?
1
What is the hundreds digit of 2231465?
4
What is the tens digit of 2844614?
1
What is the hundred thousands digit of 238269?
2
What is the units digit of 52517?
7
What is the hundreds digit of 2518714?
7
What is the millions digit of 7362456?
7
What is the tens digit of 5005214?
1
What is the thousands digit of 86516?
6
What is the ten thousands digit of 196309?
9
What is the units digit of 12327?
7
What is the hundred thousands digit of 22083417?
0
What is the ten thousands digit of 343802?
4
What is the millions digit of 24803038?
4
What is the thousands digit of 91159?
1
What is the thousands digit of 461304?
1
What is the hundred thousands digit of 9286031?
2
What is the thousands digit of 2885349?
5
What is the hundreds digit of 345207?
2
What is the hundred thousands digit of 498504?
4
What is the hundreds digit of 52827?
8
What is the tens digit of 6417479?
7
What is the thousands digit of 313594?
3
What is the ten thousands digit of 4279140?
7
What is the ten thousands digit of 410342?
1
What is the ten thousands digit of 99374?
9
What is the units digit of 11570436?
6
What is the hundred thousands digit of 1835332?
8
What is the ten thousands digit of 33501838?
0
What is the ten millions digit of 16118260?
1
What is the tens digit of 557261?
6
What is the units digit of 242513?
3
What is the thousands digit of 2809978?
9
What is the millions digit of 37346827?
7
What is the hundred thousands digit of 800923?
8
What is the tens digit of 1045123?
2
What is the hundreds digit of 25944?
9
What is the hundreds digit of 3898735?
7
What is the ten millions digit of 10483769?
1
What is the tens digit of 2665268?
6
What is the hundreds digit of 157826?
8
What is the ten thousands digit of 90297?
9
What is the hundreds digit of 1535?
5
What is the hundred thousands digit of 382992?
3
What is the millions digit of 3901252?
3
What is the units digit of 16751377?
7
What is the hundreds digit of 314396?
3
What is the tens digit of 1261690?
9
What is the hundreds digit of 46441?
4
What is the tens digit of 372484?
8
What is the ten millions digit of 20409165?
2
What is the units digit of 420294?
4
What is the thousands digit of 1484917?
4
What is the tens digit of 2067554?
5
What is the tens digit of 9274032?
3
What is the thousands digit of 400048?
0
What is the millions digit of 1905138?
1
What is the thousands digit of 57945?
7
What is the units digit of 408298?
8
What is the thousands digit of 2435528?
5
What is the thousands digit of 15976259?
6
What is the tens digit of 246693?
9
What is the tens digit of 11157816?
1
What is the hundreds digit of 1353116?
1
What is the tens digit of 13096?
9
What is the units digit of 3757173?
3
What is the units digit of 11967121?
1
What is the millions digit of 3421574?
3
What is the units digit of 5145328?
8
What is the units digit of 10487074?
4
What is the hundred thousands digit of 19